{"id":139,"date":"2018-05-20T22:31:38","date_gmt":"2018-05-20T20:31:38","guid":{"rendered":"http:\/\/irimi.pl\/?page_id=139"},"modified":"2018-05-20T22:31:38","modified_gmt":"2018-05-20T20:31:38","slug":"o-irimi","status":"publish","type":"page","link":"https:\/\/irimi.pl\/index.php\/o-irimi\/","title":{"rendered":"Stowarzyszenie IRIMI"},"content":{"rendered":"<p>\t\t\t\tStowarzyszenie IRIMI zosta\u0142o wpisane do KRS w lutym 2018. Powsta\u0142o jako kontynuacja UKS Aikido Zabrze. G\u0142\u00f3wnym celem dzia\u0142alno\u015bci jest organizowanie zaj\u0119\u0107 dla dzieci, m\u0142odzie\u017cy i doros\u0142ych o charakterze sportowo &#8211; rekreacyjnym, w szczeg\u00f3lno\u015bci treningi Yoshinkan Seiseikai Aikido oraz samoobrony.<\/p>\n<p>Podstawowe dane:<\/p>\n<ul>\n<li>Stowarzyszenie IRIMI<br \/>\nul. Klonowa 15\/6, 41-800 Zabrze<\/li>\n<li>NIP: <b>6482786981<\/b><br \/>\nRegon: <b>369533383<\/b><br \/>\nKRS: <b>0000719061<\/b><\/li>\n<li>Konto bankowe: <strong>Bank PeKaO <\/strong><br \/>\nNumer konta: <strong><span style=\"color: #000000;\"><span style=\"font-family: Tahoma;\"><span style=\"font-size: medium;\">12 1240 4849 1111 0010 7857 6589<\/span><\/span><\/span><\/strong><\/li>\n<\/ul>\n<hr \/>\n<p style=\"text-align: left;\" align=\"center\">Wyci\u0105g ze statutu<\/p>\n<p class=\"western\" align=\"center\"><b>\u00a7 7<\/b><\/p>\n<p>Stowarzyszenie dzia\u0142a i realizuje nast\u0119puj\u0105ce cele:<br \/>\n1) wspierania i upowszechnianie kultury fizycznej,<br \/>\n2) przeciwdzia\u0142ania uzale\u017cnieniom i patologiom spo\u0142ecznym,<br \/>\n3) pomocy spo\u0142ecznej, w tym pomocy rodzinom i osobom w trudnej sytuacji \u017cyciowej oraz wyr\u00f3wnywanie szans tych rodzin i os\u00f3b,<br \/>\n4) dzia\u0142alno\u015bci charytatywnej,<br \/>\n5) dzia\u0142alno\u015bci z zakresu kultury fizycznej na rzecz os\u00f3b niepe\u0142nosprawnych.<\/p>\n<p class=\"western\" align=\"center\"><b>\u00a7 8<\/b><\/p>\n<p class=\"western\">Stowarzyszenie realizuje swoje cele poprzez:<\/p>\n<ol>\n<li>organizowanie zaj\u0119\u0107 dla dzieci i m\u0142odzie\u017cy o charakterze sportowo &#8211; rekreacyjnym, w\u00a0szczeg\u00f3lno\u015bci wschodnich sztuk walk oraz samoobrony,<\/li>\n<li>organizowanie zaj\u0119\u0107 dla doros\u0142ej cz\u0119\u015bci spo\u0142ecze\u0144stwa o charakterze sportowo &#8211; rekreacyjnym, w szczeg\u00f3lno\u015bci wschodnich sztuk walk oraz samoobrony,<\/li>\n<li>organizowanie imprez sportowych i rekreacyjnych oraz organizowanie udzia\u0142u w imprezach sportowych i rekreacyjnych,<\/li>\n<li>organizowanie konferencji, imprez kulturalnych, seminari\u00f3w promuj\u0105cych ide\u0119 wschodnich sztuk walk,<\/li>\n<li>wydawanie ksi\u0105\u017cek, czasopism, broszur zwi\u0105zanych z celami Stowarzyszenia,<\/li>\n<li>fundowanie stypendi\u00f3w oraz finansowe, rzeczowe, informacyjne wspieranie rodzin w\u00a0trudnej sytuacji \u017cyciowej,<\/li>\n<li>podejmowanie w ramach obowi\u0105zuj\u0105cych przepis\u00f3w innych czynno\u015bci i \u015brodk\u00f3w dzia\u0142ania zwi\u0105zanych z realizacj\u0105 cel\u00f3w Stowarzyszenia.<\/li>\n<\/ol>\n","protected":false},"excerpt":{"rendered":"<p>Stowarzyszenie IRIMI zosta\u0142o wpisane do KRS w lutym 2018. Powsta\u0142o jako kontynuacja UKS Aikido Zabrze. G\u0142\u00f3wnym celem dzia\u0142alno\u015bci jest organizowanie zaj\u0119\u0107 dla dzieci, m\u0142odzie\u017cy i doros\u0142ych o charakterze sportowo &#8211; rekreacyjnym, w szczeg\u00f3lno\u015bci treningi Yoshinkan Seiseikai Aikido oraz samoobrony. Podstawowe dane: Stowarzyszenie IRIMI ul. Klonowa 15\/6, 41-800 Zabrze NIP: 6482786981 Regon: 369533383 KRS: 0000719061 Konto &hellip; <a href=\"https:\/\/irimi.pl\/index.php\/o-irimi\/\" class=\"more-link\">Czytaj dalej <span class=\"screen-reader-text\">Stowarzyszenie IRIMI<\/span> <span class=\"meta-nav\">&rarr;<\/span><\/a><\/p>\n","protected":false},"author":2,"featured_media":0,"parent":0,"menu_order":0,"comment_status":"closed","ping_status":"closed","template":"","meta":{"footnotes":""},"class_list":["post-139","page","type-page","status-publish","hentry"],"_links":{"self":[{"href":"https:\/\/irimi.pl\/index.php\/wp-json\/wp\/v2\/pages\/139","targetHints":{"allow":["GET"]}}],"collection":[{"href":"https:\/\/irimi.pl\/index.php\/wp-json\/wp\/v2\/pages"}],"about":[{"href":"https:\/\/irimi.pl\/index.php\/wp-json\/wp\/v2\/types\/page"}],"author":[{"embeddable":true,"href":"https:\/\/irimi.pl\/index.php\/wp-json\/wp\/v2\/users\/2"}],"replies":[{"embeddable":true,"href":"https:\/\/irimi.pl\/index.php\/wp-json\/wp\/v2\/comments?post=139"}],"version-history":[{"count":0,"href":"https:\/\/irimi.pl\/index.php\/wp-json\/wp\/v2\/pages\/139\/revisions"}],"wp:attachment":[{"href":"https:\/\/irimi.pl\/index.php\/wp-json\/wp\/v2\/media?parent=139"}],"curies":[{"name":"wp","href":"https:\/\/api.w.org\/{rel}","templated":true}]}}